
What is the hundreds digit of 1901?
9
What is the hundreds digit of 280?
2
What is the hundreds digit of 3354?
3
What is the hundreds digit of 226?
2
What is the hundreds digit of 2410?
4
What is the units digit of 2662?
2
What is the tens digit of 22964?
6
What is the units digit of 10518?
8
What is the hundreds digit of 44640?
6
What is the tens digit of 2195?
9
What is the thousands digit of 1018?
1
What is the units digit of 44138?
8
What is the ten thousands digit of 117186?
1
What is the tens digit of 3720?
2
What is the units digit of 885?
5
What is the hundreds digit of 12463?
4
What is the hundreds digit of 790?
7
What is the thousands digit of 6178?
6
What is the thousands digit of 2906?
2
What is the tens digit of 19475?
7
What is the tens digit of 21595?
9
What is the units digit of 645?
5
What is the ten thousands digit of 15854?
1
What is the hundreds digit of 9484?
4
What is the tens digit of 15325?
2
What is the units digit of 48737?
7
What is the ten thousands digit of 63801?
6
What is the units digit of 107?
7
What is the tens digit of 59775?
7
What is the units digit of 4846?
6
What is the tens digit of 5196?
9
What is the tens digit of 81536?
3
What is the hundreds digit of 29358?
3
What is the hundreds digit of 12804?
8
What is the ten thousands digit of 12173?
1
What is the thousands digit of 72370?
2
What is the units digit of 1629?
9
What is the tens digit of 2259?
5
What is the ten thousands digit of 13301?
1
What is the tens digit of 1864?
6
What is the thousands digit of 6557?
6
What is the units digit of 7060?
0
What is the units digit of 5194?
4
What is the hundreds digit of 560?
5
What is the units digit of 12264?
4
What is the hundreds digit of 4673?
6
What is the tens digit of 4237?
3
What is the tens digit of 2042?
4
What is the units digit of 25993?
3
What is the thousands digit of 3925?
3
What is the hundred thousands digit of 118278?
1
What is the units digit of 22250?
0
What is the units digit of 17082?
2
What is the thousands digit of 1517?
1
What is the units digit of 1685?
5
What is the units digit of 2839?
9
What is the tens digit of 13497?
9
What is the hundreds digit of 735?
7
What is the tens digit of 2150?
5
What is the tens digit of 59642?
4
What is the units digit of 111402?
2
What is the hundreds digit of 6860?
8
What is the units digit of 991?
1
What is the units digit of 6682?
2
What is the thousands digit of 1305?
1
What is the units digit of 7662?
2
What is the tens digit of 81302?
0
What is the thousands digit of 2980?
2
What is the hundreds digit of 7780?
7
What is the tens digit of 4905?
0
What is the hundreds digit of 5497?
4
What is the units digit of 66682?
2
What is the units digit of 163?
3
What is the tens digit of 16826?
2
What is the hundreds digit of 3742?
7
What is the tens digit of 3254?
5
What is the thousands digit of 1336?
1
What is the tens digit of 4680?
8
What is the units digit of 18487?
7
What is the hundreds digit of 3066?
0
What is the hundreds digit of 66686?
6
What is the ten thousands digit of 21259?
2
What is the units digit of 2996?
6
What is the thousands digit of 96148?
6
What is the units digit of 51633?
3
What is the tens digit of 90395?
9
What is the thousands digit of 5923?
5
What is the thousands digit of 1426?
1
What is the units digit of 44363?
3
What is the tens digit of 10197?
9
What is the units digit of 63299?
9
What is the tens digit of 273?
7
What is the thousands digit of 47269?
7
What is the tens digit of 15415?
1
What is the thousands digit of 5115?
5
What is the tens digit of 1737?
3
What is the thousands digit of 9820?
9
What is the hundreds digit of 7577?
5
What is the hundreds digit of 563?
5
What is the ten thousands digit of 26778?
2
What is the units digit of 1763?
3
What is the ten thousands digit of 171070?
7
What is the hundreds digit of 24765?
7
What is the hundreds digit of 276?
2
What is the hundreds digit of 1126?
1
What is the hundred thousands digit of 169708?
1
What is the thousands digit of 22416?
2
What is the units digit of 8587?
7
What is the units digit of 78566?
6
What is the units digit of 14090?
0
What is the tens digit of 1628?
2
What is the units digit of 124?
4
What is the thousands digit of 2674?
2
What is the hundreds digit of 3037?
0
What is the tens digit of 4742?
4
What is the hundreds digit of 22113?
1
What is the tens digit of 30954?
5
What is the units digit of 47?
7
What is the hundreds digit of 70104?
1
What is the units digit of 5493?
3
What is the hundreds digit of 35909?
9
What is the hundreds digit of 133544?
5
What is the units digit of 855?
5
What is the thousands digit of 1568?
1
What is the hundreds digit of 6312?
3
What is the hundreds digit of 19877?
8
What is the tens digit of 4813?
1
What is the hundred thousands digit of 100671?
1
What is the hundreds digit of 7310?
3
What is the hundreds digit of 37140?
1
What is the units digit of 1575?
5
What is the hundreds digit of 670?
6
What is the tens digit of 3214?
1
What is the ten thousands digit of 13163?
1
What is the tens digit of 51378?
7
What is the tens digit of 1424?
2
What is the hundreds digit of 14657?
6
What is the tens digit of 8836?
3
What is the tens digit of 8836?
3
What is the thousands digit of 151585?
1
What is the tens digit of 1686?
8
What is the ten thousands digit of 13943?
1
What is the hundreds digit of 988?
9
What is the hundreds digit of 132644?
6
What is the tens digit of 1505?
0
What is the tens digit of 317?
1
What is the hundreds digit of 1264?
2
What is the ten thousands digit of 11369?
1
What is the thousands digit of 2511?
2
What is the thousands digit of 19749?
9
What is the ten thousands digit of 95797?
9
What is the hundreds digit of 14992?
9
What is the tens digit of 191?
9
What is the hundreds digit of 803?
8
What is the hundreds digit of 43460?
4
What is the tens digit of 939?
3
What is the hundreds digit of 6402?
4
What is the tens digit of 81666?
6
What is the hundreds digit of 60810?
8
What is the tens digit of 37403?
0
What is the hundreds digit of 7499?
4
What is the hundreds digit of 2801?
8
What is the thousands digit of 13651?
3
What is the hundreds digit of 142?
1
What is the thousands digit of 2088?
2
What is the tens digit of 7019?
1
What is the hundreds digit of 8387?
3
What is the units digit of 3757?
7
What is the units digit of 963?
3
What is the hundreds digit of 1824?
8
What is the units digit of 20125?
5
What is the hundreds digit of 21684?
6
What is the units digit of 54707?
7
What is the tens digit of 29435?
3
What is the hundreds digit of 1025?
0
What is the hundreds digit of 1153?
1
What is the units digit of 13507?
7
What is the thousands digit of 4497?
4
What is the tens digit of 30556?
5
What is the tens digit of 393?
9
What is the tens digit of 9221?
2
What is the thousands digit of 2856?
2
What is the hundreds digit of 84527?
5
What is the ten thousands digit of 11340?
1
What is the tens digit of 2476?
7
What is the units digit of 31738?
8
What is the tens digit of 11733?
3
What is the thousands digit of 15087?
5
What is the hundreds digit of 598?
5
What is the units digit of 1378?
8
What is the tens digit of 68073?
7
What is the tens digit of 18569?
6
What is the units digit of 153?
3
What is the tens digit of 25833?
3
What is the ten thousands digit of 75780?
7
What is the thousands digit of 14880?
4
What is the hundreds digit of 3692?
6
What is the units digit of 33375?
5
What is the units digit of 465?
5
What is the units digit of 76705?
5
What is the hundreds digit of 72679?
6
What is the thousands digit of 1414?
1
What is the tens digit of 758?
5
What is the units digit of 85157?
7
What is the units digit of 8511?
1
What is the hundreds digit of 1965?
9
What is the thousands digit of 2690?
2
What is the thousands digit of 3313?
3
What is the hundreds digit of 603?
6
What is the tens digit of 124806?
0
What is the ten thousands digit of 80063?
8
What is the hundreds digit of 3059?
0
What is the tens digit of 81368?
6
What is the thousands digit of 4423?
4
What is the units digit of 966?
6
What is the units digit of 21954?
4
What is the tens digit of 47631?
3
What is the thousands digit of 46512?
6
What is the tens digit of 1359?
5
What is the thousands digit of 16759?
6
What 